{"id":1066,"date":"2021-09-05T02:12:22","date_gmt":"2021-09-05T02:12:22","guid":{"rendered":"https:\/\/www.globalforumlac.org\/?post_type=event&#038;p=1066"},"modified":"2023-09-13T16:07:17","modified_gmt":"2023-09-13T16:07:17","slug":"gustau-alegret","status":"publish","type":"event","link":"https:\/\/www.globalforumlac.org\/2023\/event\/gustau-alegret\/","title":{"rendered":"Gustau Alegret"},"content":{"rendered":"<p><strong>Periodista internacional, director y presentador de Club de Prensa &amp; Cuesti\u00f3n de Poder, NTN24<br \/>\n<\/strong><br \/>\n<strong>Gustau Alegret<\/strong> es un periodista internacional; trabaja en Washington DC, Estados Unidos, para el canal internacional NTN24. Es director y presentador de <em>Club de Prensa<\/em> y <em>Cuesti\u00f3n de Poder<\/em>, dos programas de televisi\u00f3n diarios de an\u00e1lisis, entrevistas e informaci\u00f3n pol\u00edtica. Es ganador de varios premios, entre ellos cuatro Emmy y un <em>Napolitan Victory Award<\/em>; es experto en comunicaci\u00f3n pol\u00edtica y corporativa, y <em>Media Leader<\/em> del Foro Econ\u00f3mico Mundial (WEF).<\/p>\n<p>Tiene m\u00e1s de 25 a\u00f1os de experiencia trabajando en diversos medios de comunicaci\u00f3n en Espa\u00f1a y EE. UU. donde ha seguido campa\u00f1as pol\u00edticas. En Washington sigue la actualidad de la Casa Blanca, el Congreso, el Departamento de Estado y la pol\u00edtica de Am\u00e9rica Latina, adonde viaja con frecuencia.<\/p>\n<p>Fue corresponsal de RAC1 en Estados Unidos desde 2007 hasta 2017. Antes, trabaj\u00f3 como periodista en Radio Intereconom\u00eda, Ona Catalana Radio, Agencia Europa Press, COM R\u00e0dio, Plataforma Digital (Canal +) y Catalunya R\u00e0dio, entre otros medios.<\/p>\n<p>Se ha desempe\u00f1ado como director de Comunicaci\u00f3n en el Ministerio de Comercio, Turismo y Consumo de la Generalitat de Catalunya (gobierno catal\u00e1n); y como\u00a0asesor en comunicaci\u00f3n estrat\u00e9gica en el Banco Interamericano de Desarrollo (BID) y en el gabinete de comunicaci\u00f3n corporativa Intermedia GdC.<\/p>\n<p>En el \u00e1mbito acad\u00e9mico, ha sido profesor universitario en Comunicaci\u00f3n Pol\u00edtica, Gesti\u00f3n de Crisis y Formaci\u00f3n de Portavoces.<\/p>\n<p>Es miembro de la Asociaci\u00f3n de Corresponsales de la Casa Blanca, WHCA (asociado); de la Asociaci\u00f3n de Corresponsales de Prensa Extranjera, FPCA; de la Asociaci\u00f3n Nacional de Periodismo Hisp\u00e1nico, NAHJ; y del Col\u00b7legi de Periodistes de Catalunya.<\/p>\n<p>Se licenci\u00f3 en Periodismo en la Universidad Pompeu Fabra (1997), obtuvo el Programa Ejecutivo de Direcci\u00f3n Estrat\u00e9gica de Comunicaci\u00f3n de ESADE Business School (2006) y el <em>Executive Certificate Program \u2018Business Administration and Professional English\u2019<\/em> de la Universidad de Georgetown (2008).<\/p>","protected":false},"excerpt":{"rendered":"<p>Periodista; Director y Presentador de Club de Prensa y Cuesti\u00f3n de Poder, NTN24<\/p>\n","protected":false},"author":1,"featured_media":2197,"menu_order":0,"template":"","meta":[],"event_cat":[],"_links":{"self":[{"href":"https:\/\/www.globalforumlac.org\/2023\/wp-json\/wp\/v2\/event\/1066"}],"collection":[{"href":"https:\/\/www.globalforumlac.org\/2023\/wp-json\/wp\/v2\/event"}],"about":[{"href":"https:\/\/www.globalforumlac.org\/2023\/wp-json\/wp\/v2\/types\/event"}],"author":[{"embeddable":true,"href":"https:\/\/www.globalforumlac.org\/2023\/wp-json\/wp\/v2\/users\/1"}],"wp:featuredmedia":[{"embeddable":true,"href":"https:\/\/www.globalforumlac.org\/2023\/wp-json\/wp\/v2\/media\/2197"}],"wp:attachment":[{"href":"https:\/\/www.globalforumlac.org\/2023\/wp-json\/wp\/v2\/media?parent=1066"}],"wp:term":[{"taxonomy":"event_cat","embeddable":true,"href":"https:\/\/www.globalforumlac.org\/2023\/wp-json\/wp\/v2\/event_cat?post=1066"}],"curies":[{"name":"wp","href":"https:\/\/api.w.org\/{rel}","templated":true}]}}

<p><strong>Periodista internacional, director y presentador de Club de Prensa &amp; Cuestión de Poder, NTN24<br />
</strong><br />
<strong>Gustau Alegret</strong> es un periodista internacional; trabaja en Washington DC, Estados Unidos, para el canal internacional NTN24. Es director y presentador de <em>Club de Prensa</em> y <em>Cuestión de Poder</em>, dos programas de televisión diarios de análisis, entrevistas e información política. Es ganador de varios premios, entre ellos cuatro Emmy y un <em>Napolitan Victory Award</em>; es experto en comunicación política y corporativa, y <em>Media Leader</em> del Foro Económico Mundial (WEF).</p>
<p>Tiene más de 25 años de experiencia trabajando en diversos medios de comunicación en España y EE. UU. donde ha seguido campañas políticas. En Washington sigue la actualidad de la Casa Blanca, el Congreso, el Departamento de Estado y la política de América Latina, adonde viaja con frecuencia.</p>
<p>Fue corresponsal de RAC1 en Estados Unidos desde 2007 hasta 2017. Antes, trabajó como periodista en Radio Intereconomía, Ona Catalana Radio, Agencia Europa Press, COM Ràdio, Plataforma Digital (Canal +) y Catalunya Ràdio, entre otros medios.</p>
<p>Se ha desempeñado como director de Comunicación en el Ministerio de Comercio, Turismo y Consumo de la Generalitat de Catalunya (gobierno catalán); y como asesor en comunicación estratégica en el Banco Interamericano de Desarrollo (BID) y en el gabinete de comunicación corporativa Intermedia GdC.</p>
<p>En el ámbito académico, ha sido profesor universitario en Comunicación Política, Gestión de Crisis y Formación de Portavoces.</p>
<p>Es miembro de la Asociación de Corresponsales de la Casa Blanca, WHCA (asociado); de la Asociación de Corresponsales de Prensa Extranjera, FPCA; de la Asociación Nacional de Periodismo Hispánico, NAHJ; y del Col·legi de Periodistes de Catalunya.</p>
<p>Se licenció en Periodismo en la Universidad Pompeu Fabra (1997), obtuvo el Programa Ejecutivo de Dirección Estratégica de Comunicación de ESADE Business School (2006) y el <em>Executive Certificate Program ‘Business Administration and Professional English’</em> de la Universidad de Georgetown (2008).</p>

<p>Periodista; Director y Presentador de Club de Prensa y Cuestión de Poder, NTN24</p>
