{"id":2155,"date":"2023-09-05T21:08:41","date_gmt":"2023-09-05T21:08:41","guid":{"rendered":"https:\/\/www.globalforumlac.org\/?post_type=event&#038;p=2155"},"modified":"2023-09-13T16:03:27","modified_gmt":"2023-09-13T16:03:27","slug":"jose-manuel-salazar-xirinachs","status":"publish","type":"event","link":"https:\/\/www.globalforumlac.org\/2023\/event\/jose-manuel-salazar-xirinachs\/","title":{"rendered":"Jos\u00e9 Manuel Salazar-Xirinachs"},"content":{"rendered":"<p>Jos\u00e9 Manuel Salazar-Xirinachs fue nombrado secretario ejecutivo de la CEPAL por el secretario general de las Naciones Unidas el 1 de septiembre de 2022 y asumi\u00f3 sus funciones a partir del 3 de octubre de 2022. Anteriormente se desempe\u00f1\u00f3 como director regional para Am\u00e9rica Latina y el Caribe de la Organizaci\u00f3n Internacional del Trabajo (OIT) entre 2015 y 2018. Se incorpor\u00f3 a la OIT en 2005 como director ejecutivo de Sector de Empleo y se desempe\u00f1\u00f3 como subdirector General de Pol\u00edticas de 2013 a 2015. Antes de incorporarse a la OIT, se desempe\u00f1\u00f3 de 1998 a 2005 como director de la Unidad de Comercio de la Organizaci\u00f3n de Estados Americanos. El Sr. Salazar fue ministro de Comercio Exterior de Costa Rica de 1997 a 1998, presidente ejecutivo de la Corporaci\u00f3n Costarricense para el Desarrollo de 1988 a 1990 y Economista jefe y luego director ejecutivo de un centro de estudios del sector privado centroamericano (FEDEPRICAP) de 1990 a 1996. En el \u00e1mbito acad\u00e9mico, es tambi\u00e9n autor de numerosas publicaciones sobre pol\u00edticas de desarrollo, comercio, transformaci\u00f3n productiva, competitividad y empleo, y ha escrito y editado varios libros. Ha impartido clases en la Universidad de Costa Rica, la Universidad Nacional de Heredia, la Universidad de Cambridge y la Universidad de Georgetown. Tiene una maestr\u00eda en Econom\u00eda del Desarrollo y un doctorado en Econom\u00eda por la Universidad de Cambridge y una licenciatura en Econom\u00eda por la Universidad de Costa Rica.<\/p>","protected":false},"excerpt":{"rendered":"<p>Secretario ejecutivo de la CEPAL<\/p>\n","protected":false},"author":1,"featured_media":2182,"menu_order":0,"template":"","meta":[],"event_cat":[],"_links":{"self":[{"href":"https:\/\/www.globalforumlac.org\/2023\/wp-json\/wp\/v2\/event\/2155"}],"collection":[{"href":"https:\/\/www.globalforumlac.org\/2023\/wp-json\/wp\/v2\/event"}],"about":[{"href":"https:\/\/www.globalforumlac.org\/2023\/wp-json\/wp\/v2\/types\/event"}],"author":[{"embeddable":true,"href":"https:\/\/www.globalforumlac.org\/2023\/wp-json\/wp\/v2\/users\/1"}],"wp:featuredmedia":[{"embeddable":true,"href":"https:\/\/www.globalforumlac.org\/2023\/wp-json\/wp\/v2\/media\/2182"}],"wp:attachment":[{"href":"https:\/\/www.globalforumlac.org\/2023\/wp-json\/wp\/v2\/media?parent=2155"}],"wp:term":[{"taxonomy":"event_cat","embeddable":true,"href":"https:\/\/www.globalforumlac.org\/2023\/wp-json\/wp\/v2\/event_cat?post=2155"}],"curies":[{"name":"wp","href":"https:\/\/api.w.org\/{rel}","templated":true}]}}

José Manuel Salazar-Xirinachs

<p>José Manuel Salazar-Xirinachs fue nombrado secretario ejecutivo de la CEPAL por el secretario general de las Naciones Unidas el 1 de septiembre de 2022 y asumió sus funciones a partir del 3 de octubre de 2022. Anteriormente se desempeñó como director regional para América Latina y el Caribe de la Organización Internacional del Trabajo (OIT) entre 2015 y 2018. Se incorporó a la OIT en 2005 como director ejecutivo de Sector de Empleo y se desempeñó como subdirector General de Políticas de 2013 a 2015. Antes de incorporarse a la OIT, se desempeñó de 1998 a 2005 como director de la Unidad de Comercio de la Organización de Estados Americanos. El Sr. Salazar fue ministro de Comercio Exterior de Costa Rica de 1997 a 1998, presidente ejecutivo de la Corporación Costarricense para el Desarrollo de 1988 a 1990 y Economista jefe y luego director ejecutivo de un centro de estudios del sector privado centroamericano (FEDEPRICAP) de 1990 a 1996. En el ámbito académico, es también autor de numerosas publicaciones sobre políticas de desarrollo, comercio, transformación productiva, competitividad y empleo, y ha escrito y editado varios libros. Ha impartido clases en la Universidad de Costa Rica, la Universidad Nacional de Heredia, la Universidad de Cambridge y la Universidad de Georgetown. Tiene una maestría en Economía del Desarrollo y un doctorado en Economía por la Universidad de Cambridge y una licenciatura en Economía por la Universidad de Costa Rica.</p>
