{"id":2157,"date":"2023-09-05T13:27:23","date_gmt":"2023-09-05T13:27:23","guid":{"rendered":"https:\/\/www.globalforumlac.org\/?post_type=event&#038;p=2157"},"modified":"2023-09-15T16:26:50","modified_gmt":"2023-09-15T16:26:50","slug":"juan-gabriel-tokatlian","status":"publish","type":"event","link":"https:\/\/www.globalforumlac.org\/2023\/event\/juan-gabriel-tokatlian\/","title":{"rendered":"Juan Gabriel Tokatlian"},"content":{"rendered":"<p><em>Actual vicerrector de la Universidad Torcuato Di Tella<\/em><br \/>\n<em>Profesor Investigador Plenario<\/em><br \/>\n<em>Ph.D. en Relaciones Internacionales, The Johns Hopkins University, Washington DC<\/em><\/p>\n<p>Soci\u00f3logo argentino (1978) con una Maestr\u00eda (1981) y un Ph.D. (1990) en Relaciones Internacionales de The Johns Hopkins University School of Advanced International Studies en Washingon, D.C. (Estados Unidos). Actualmente (desde julio de 2009) Profesor de Relaciones Internacionales en la Universidad Di Tella (Buenos Aires, Argentina). Fue Profesor en la Universidad de San Andr\u00e9s (Victoria, Provincia de Buenos Aires, Argentina) entre 1999-2008. Vivi\u00f3 18 a\u00f1os en Colombia entre 1981 y 1998. Fue Profesor Asociado (1995-1998) de la Universidad Nacional de Colombia (Bogot\u00e1), donde se desempe\u00f1\u00f3 como investigador principal del Instituto de Estudios Pol\u00edticos y Relaciones Internacionales (IEPRI). Fue co-fundador (1982) y Director (1987-94) del Centro de Estudios Internacionales (CEI) de la Universidad de los Andes (Bogot\u00e1). Ha publicado varios libros, ensayos y art\u00edculos de opini\u00f3n sobre la pol\u00edtica exterior de Argentina y de Colombia, sobre las relaciones entre Estados Unidos y Am\u00e9rica Latina, sobre el sistema global contempor\u00e1neo y sobre el narcotr\u00e1fico, el terrorismo y el crimen organizado.<\/p>","protected":false},"excerpt":{"rendered":"<p>Profesor, Universidad Torcuato Di Tella, UTDT<\/p>\n","protected":false},"author":1,"featured_media":2209,"menu_order":0,"template":"","meta":[],"event_cat":[],"_links":{"self":[{"href":"https:\/\/www.globalforumlac.org\/2023\/wp-json\/wp\/v2\/event\/2157"}],"collection":[{"href":"https:\/\/www.globalforumlac.org\/2023\/wp-json\/wp\/v2\/event"}],"about":[{"href":"https:\/\/www.globalforumlac.org\/2023\/wp-json\/wp\/v2\/types\/event"}],"author":[{"embeddable":true,"href":"https:\/\/www.globalforumlac.org\/2023\/wp-json\/wp\/v2\/users\/1"}],"wp:featuredmedia":[{"embeddable":true,"href":"https:\/\/www.globalforumlac.org\/2023\/wp-json\/wp\/v2\/media\/2209"}],"wp:attachment":[{"href":"https:\/\/www.globalforumlac.org\/2023\/wp-json\/wp\/v2\/media?parent=2157"}],"wp:term":[{"taxonomy":"event_cat","embeddable":true,"href":"https:\/\/www.globalforumlac.org\/2023\/wp-json\/wp\/v2\/event_cat?post=2157"}],"curies":[{"name":"wp","href":"https:\/\/api.w.org\/{rel}","templated":true}]}}

<p><em>Actual vicerrector de la Universidad Torcuato Di Tella</em><br />
<em>Profesor Investigador Plenario</em><br />
<em>Ph.D. en Relaciones Internacionales, The Johns Hopkins University, Washington DC</em></p>
<p>Sociólogo argentino (1978) con una Maestría (1981) y un Ph.D. (1990) en Relaciones Internacionales de The Johns Hopkins University School of Advanced International Studies en Washingon, D.C. (Estados Unidos). Actualmente (desde julio de 2009) Profesor de Relaciones Internacionales en la Universidad Di Tella (Buenos Aires, Argentina). Fue Profesor en la Universidad de San Andrés (Victoria, Provincia de Buenos Aires, Argentina) entre 1999-2008. Vivió 18 años en Colombia entre 1981 y 1998. Fue Profesor Asociado (1995-1998) de la Universidad Nacional de Colombia (Bogotá), donde se desempeñó como investigador principal del Instituto de Estudios Políticos y Relaciones Internacionales (IEPRI). Fue co-fundador (1982) y Director (1987-94) del Centro de Estudios Internacionales (CEI) de la Universidad de los Andes (Bogotá). Ha publicado varios libros, ensayos y artículos de opinión sobre la política exterior de Argentina y de Colombia, sobre las relaciones entre Estados Unidos y América Latina, sobre el sistema global contemporáneo y sobre el narcotráfico, el terrorismo y el crimen organizado.</p>
