{"id":2158,"date":"2023-09-05T21:03:17","date_gmt":"2023-09-05T21:03:17","guid":{"rendered":"https:\/\/www.globalforumlac.org\/?post_type=event&#038;p=2158"},"modified":"2023-09-13T16:14:15","modified_gmt":"2023-09-13T16:14:15","slug":"maria-paula-romo","status":"publish","type":"event","link":"https:\/\/www.globalforumlac.org\/2023\/event\/maria-paula-romo\/","title":{"rendered":"Mar\u00eda Paula Romo"},"content":{"rendered":"<p>Abogada, docente universitaria y destacada pol\u00edtica ecuatoriana.<\/p>\n<p>Ha ocupado altos cargos de elecci\u00f3n popular y de designaci\u00f3n en el Ejecutivo. Fue miembro de la Asamblea Constituyente en el a\u00f1o 2007 y legisladora entre el a\u00f1o 2009 y 2013, periodo en el que presidi\u00f3 la Comisi\u00f3n de Justicia y Estructura del Estado.<\/p>\n<p>Entre el 2018 y el 2020 se desempe\u00f1\u00f3 como Ministra de Gobierno, la cartera de Estado a cargo de la seguridad ciudadana y la gobernabilidad democr\u00e1tica. Enfrent\u00f3 la crisis pol\u00edtica de octubre de 2019 y lider\u00f3 el Comit\u00e9 de Operaciones de Emergencia durante la primera fase de la pandemia del Covid-19.<\/p>\n<p>En el \u00e1mbito acad\u00e9mico, ha sido docente de Teor\u00eda General del Estado y Derecho Constitucional y entre los a\u00f1os 2013 y 2018 fue Decana de Derecho y Ciencias Sociales de la Universidad Internacional del Ecuador.<\/p>\n<p>Actualmente es consultora privada e investigadora en <em>The Adam Smith Center for Economic Freedom <\/em>en la Universidad Internacional de la Florida<em>.<\/em><\/p>","protected":false},"excerpt":{"rendered":"<p>Exministra del Interior<\/p>\n","protected":false},"author":1,"featured_media":2199,"menu_order":0,"template":"","meta":[],"event_cat":[],"_links":{"self":[{"href":"https:\/\/www.globalforumlac.org\/2023\/wp-json\/wp\/v2\/event\/2158"}],"collection":[{"href":"https:\/\/www.globalforumlac.org\/2023\/wp-json\/wp\/v2\/event"}],"about":[{"href":"https:\/\/www.globalforumlac.org\/2023\/wp-json\/wp\/v2\/types\/event"}],"author":[{"embeddable":true,"href":"https:\/\/www.globalforumlac.org\/2023\/wp-json\/wp\/v2\/users\/1"}],"wp:featuredmedia":[{"embeddable":true,"href":"https:\/\/www.globalforumlac.org\/2023\/wp-json\/wp\/v2\/media\/2199"}],"wp:attachment":[{"href":"https:\/\/www.globalforumlac.org\/2023\/wp-json\/wp\/v2\/media?parent=2158"}],"wp:term":[{"taxonomy":"event_cat","embeddable":true,"href":"https:\/\/www.globalforumlac.org\/2023\/wp-json\/wp\/v2\/event_cat?post=2158"}],"curies":[{"name":"wp","href":"https:\/\/api.w.org\/{rel}","templated":true}]}}

María Paula Romo

<p>Abogada, docente universitaria y destacada política ecuatoriana.</p>
<p>Ha ocupado altos cargos de elección popular y de designación en el Ejecutivo. Fue miembro de la Asamblea Constituyente en el año 2007 y legisladora entre el año 2009 y 2013, periodo en el que presidió la Comisión de Justicia y Estructura del Estado.</p>
<p>Entre el 2018 y el 2020 se desempeñó como Ministra de Gobierno, la cartera de Estado a cargo de la seguridad ciudadana y la gobernabilidad democrática. Enfrentó la crisis política de octubre de 2019 y lideró el Comité de Operaciones de Emergencia durante la primera fase de la pandemia del Covid-19.</p>
<p>En el ámbito académico, ha sido docente de Teoría General del Estado y Derecho Constitucional y entre los años 2013 y 2018 fue Decana de Derecho y Ciencias Sociales de la Universidad Internacional del Ecuador.</p>
<p>Actualmente es consultora privada e investigadora en <em>The Adam Smith Center for Economic Freedom </em>en la Universidad Internacional de la Florida<em>.</em></p>
