{"id":2159,"date":"2023-09-05T21:02:05","date_gmt":"2023-09-05T21:02:05","guid":{"rendered":"https:\/\/www.globalforumlac.org\/?post_type=event&#038;p=2159"},"modified":"2023-09-13T16:11:23","modified_gmt":"2023-09-13T16:11:23","slug":"mario-hernandez-ramos","status":"publish","type":"event","link":"https:\/\/www.globalforumlac.org\/2023\/event\/mario-hernandez-ramos\/","title":{"rendered":"Mario Hern\u00e1ndez Ramos"},"content":{"rendered":"<p>Mario Hern\u00e1ndez Ramos es profesor titular de Derecho Constitucional en la Universidad Complutense de Madrid. Anteriormente fue profesor Titular en la Universidad de Salamanca donde se doctor\u00f3 con Premio Extraordinario y Menci\u00f3n Doctor Europeus. All\u00ed dirigi\u00f3 durante 10 a\u00f1os el M\u00e1ster en Democracia y Buen Gobierno y la l\u00ednea de investigaci\u00f3n \u201cDemocracia, buen gobierno y protecci\u00f3n multinivel de derechos\u201d en el Doctorado Estado de Derecho y Gobernanza Global.<\/p>\n<p>Entre 2018 y 2021 trabaj\u00f3 como asesor en el Ministerio de Justicia del Gobierno de Espa\u00f1a en el Gabinete de la ministra, en la Secretar\u00eda de Estado y en la Direcci\u00f3n General de Cooperaci\u00f3n Jur\u00eddica Internacional y Derecho Humanos.<\/p>\n<p>Desde su creaci\u00f3n en 2019, es el jefe de la delegaci\u00f3n espa\u00f1ola en el Comit\u00e9 para Inteligencia Artificial del Consejo de Europa, en el que ha coordinado varios grupos de trabajo sobre Inteligencia Artificial, derechos humanos, Estado de Derecho y Democracia. Dicho Comit\u00e9 tiene como cometido \u201celaborar un marco jur\u00eddico sobre el desarrollo, el dise\u00f1o y la aplicaci\u00f3n de la inteligencia artificial, basado en las normas del Consejo de Europa en materia de derechos humanos, democracia y Estado de Derecho\u201d. Tambi\u00e9n colabora como experto con el Ministerio de Justicia del Gobierno de Espa\u00f1a durante la presidencia espa\u00f1ola de la Uni\u00f3n Europea, principalmente en materias de derechos humanos y digitalizaci\u00f3n y nuevas tecnolog\u00edas.<\/p>\n<p>Sus principales l\u00edneas de investigaci\u00f3n son Derecho Constitucional y nuevas tecnolog\u00edas, en especial la inteligencia artificial; Justicia Constitucional y tutela de derechos fundamentales; Public accountability; y constitucionalismo multinivel.<\/p>\n<p>Es autor de numerosas conferencias y seminarios nacionales e internacionales y de publicaciones en materia de nuevas tecnolog\u00edas y Derecho Constitucional, como por ejemplo <em>Los retos constitucionales de la Inteligencia Artificial. Prospectiva, debilidades y fortalezas de los paradigmas vigentes<\/em> (2022), y <em>Por una pol\u00edtica judicial humanista en la era digital: retos v\u00edricos<\/em> (Wolters Kluwer, 2020).<\/p>","protected":false},"excerpt":{"rendered":"<p>Profesor titular de Derecho Constitucional, Universidad Complutense de Madrid<\/p>\n","protected":false},"author":1,"featured_media":2176,"menu_order":0,"template":"","meta":[],"event_cat":[],"_links":{"self":[{"href":"https:\/\/www.globalforumlac.org\/2023\/wp-json\/wp\/v2\/event\/2159"}],"collection":[{"href":"https:\/\/www.globalforumlac.org\/2023\/wp-json\/wp\/v2\/event"}],"about":[{"href":"https:\/\/www.globalforumlac.org\/2023\/wp-json\/wp\/v2\/types\/event"}],"author":[{"embeddable":true,"href":"https:\/\/www.globalforumlac.org\/2023\/wp-json\/wp\/v2\/users\/1"}],"wp:featuredmedia":[{"embeddable":true,"href":"https:\/\/www.globalforumlac.org\/2023\/wp-json\/wp\/v2\/media\/2176"}],"wp:attachment":[{"href":"https:\/\/www.globalforumlac.org\/2023\/wp-json\/wp\/v2\/media?parent=2159"}],"wp:term":[{"taxonomy":"event_cat","embeddable":true,"href":"https:\/\/www.globalforumlac.org\/2023\/wp-json\/wp\/v2\/event_cat?post=2159"}],"curies":[{"name":"wp","href":"https:\/\/api.w.org\/{rel}","templated":true}]}}

Mario Hernández Ramos

<p>Mario Hernández Ramos es profesor titular de Derecho Constitucional en la Universidad Complutense de Madrid. Anteriormente fue profesor Titular en la Universidad de Salamanca donde se doctoró con Premio Extraordinario y Mención Doctor Europeus. Allí dirigió durante 10 años el Máster en Democracia y Buen Gobierno y la línea de investigación “Democracia, buen gobierno y protección multinivel de derechos” en el Doctorado Estado de Derecho y Gobernanza Global.</p>
<p>Entre 2018 y 2021 trabajó como asesor en el Ministerio de Justicia del Gobierno de España en el Gabinete de la ministra, en la Secretaría de Estado y en la Dirección General de Cooperación Jurídica Internacional y Derecho Humanos.</p>
<p>Desde su creación en 2019, es el jefe de la delegación española en el Comité para Inteligencia Artificial del Consejo de Europa, en el que ha coordinado varios grupos de trabajo sobre Inteligencia Artificial, derechos humanos, Estado de Derecho y Democracia. Dicho Comité tiene como cometido “elaborar un marco jurídico sobre el desarrollo, el diseño y la aplicación de la inteligencia artificial, basado en las normas del Consejo de Europa en materia de derechos humanos, democracia y Estado de Derecho”. También colabora como experto con el Ministerio de Justicia del Gobierno de España durante la presidencia española de la Unión Europea, principalmente en materias de derechos humanos y digitalización y nuevas tecnologías.</p>
<p>Sus principales líneas de investigación son Derecho Constitucional y nuevas tecnologías, en especial la inteligencia artificial; Justicia Constitucional y tutela de derechos fundamentales; Public accountability; y constitucionalismo multinivel.</p>
<p>Es autor de numerosas conferencias y seminarios nacionales e internacionales y de publicaciones en materia de nuevas tecnologías y Derecho Constitucional, como por ejemplo <em>Los retos constitucionales de la Inteligencia Artificial. Prospectiva, debilidades y fortalezas de los paradigmas vigentes</em> (2022), y <em>Por una política judicial humanista en la era digital: retos víricos</em> (Wolters Kluwer, 2020).</p>
