{"id":2167,"date":"2023-09-05T20:41:24","date_gmt":"2023-09-05T20:41:24","guid":{"rendered":"https:\/\/www.globalforumlac.org\/?post_type=event&#038;p=2167"},"modified":"2023-09-05T21:29:23","modified_gmt":"2023-09-05T21:29:23","slug":"richard-benjamins","status":"publish","type":"event","link":"https:\/\/www.globalforumlac.org\/2023\/event\/richard-benjamins\/","title":{"rendered":"Richard Benjamins"},"content":{"rendered":"<p>Richard Benjamins es Chief Responsible AI Officer en Telef\u00f3nica y fundador de su \u00e1rea \u00abAI for Society and Environment\u00bb. Es uno de los principales impulsores del enfoque \u00e9tico de inteligencia artificial de Telef\u00f3nica. Antes de CRIAO fue el estratega jefe de IA y datos de la compa\u00f1\u00eda. Se encuentra entre las 100 personas m\u00e1s influyentes en los negocios basados en datos (DataIQ 100, 2018).<\/p>\n<p>Es cofundador y vicepresidente del Observatorio Espa\u00f1ol de Impactos \u00c9ticos y Sociales de la IA (OdiseIA), y consejero de la organizaci\u00f3n ambiental sin \u00e1nimo de lucro CDP-Europe.<\/p>\n<p>Forma parte del consejo asesor del Centro de Cultura Digital del Vaticano y del panel de IA responsable del MIT-Sloan. Fue Group Chief Data Officer en AXA (Seguros), miembro del B2G data-sharing Expert Group de la CE, y durante 10 a\u00f1os ocup\u00f3 cargos ejecutivos en Telef\u00f3nica sobre Big Data y Analytics. Est\u00e1 en la lista de expertos externos del Observatorio de IA del PE (EPAIO) y miembro del grupo de trabajo ETNO sobre Inteligencia Artificial, y del grupo de trabajo GSMA sobre IA para el impacto.<\/p>\n<p>Tambi\u00e9n es activo en el campo de la IA y la lengua espa\u00f1ola, colaborando con la Real Academia Espa\u00f1ola.<\/p>\n<p>Tiene un doctorado en Ciencias Cognitivas, ha publicado m\u00e1s de 150 art\u00edculos cient\u00edficos, es miembro fundador del consejo editorial de la revista AI Ethics de Springer y es autor de los libros \u00abEl mito del algoritmo\u00bb (espa\u00f1ol) y \u00abUna empresa basada en datos\u00bb (ingl\u00e9s, espa\u00f1ol, chino turco), y \u00abEl algoritmo y yo\u00bb (espa\u00f1ol). Es asesor estrat\u00e9gico de varias start-ups y empresas, y ponente frecuente en eventos de Inteligencia Artificial.<\/p>\n<p>Antes de unirse a Telef\u00f3nica, fue director y miembro del consejo de administraci\u00f3n de iSOCO, que cofund\u00f3 en 1999. Basado en su trabajo, iSOCO recibi\u00f3 el Premio Nacional de Ciencias de la Computaci\u00f3n.<\/p>\n<p>Benjamins ocup\u00f3 cargos en la Universidad Polit\u00e9cnica de Madrid, la Universidad de Amsterdam, la Universidad de Sao Paulo, Brasil, la Universidad de Par\u00eds-Sur, Francia, y el Instituto Espa\u00f1ol de Investigaci\u00f3n de Inteligencia Artificial en Barcelona.<\/p>","protected":false},"excerpt":{"rendered":"<p>Chief Responsible AI Officr y estratega de data, Telef\u00f3nica<\/p>\n","protected":false},"author":1,"featured_media":2168,"menu_order":0,"template":"","meta":[],"event_cat":[],"_links":{"self":[{"href":"https:\/\/www.globalforumlac.org\/2023\/wp-json\/wp\/v2\/event\/2167"}],"collection":[{"href":"https:\/\/www.globalforumlac.org\/2023\/wp-json\/wp\/v2\/event"}],"about":[{"href":"https:\/\/www.globalforumlac.org\/2023\/wp-json\/wp\/v2\/types\/event"}],"author":[{"embeddable":true,"href":"https:\/\/www.globalforumlac.org\/2023\/wp-json\/wp\/v2\/users\/1"}],"wp:featuredmedia":[{"embeddable":true,"href":"https:\/\/www.globalforumlac.org\/2023\/wp-json\/wp\/v2\/media\/2168"}],"wp:attachment":[{"href":"https:\/\/www.globalforumlac.org\/2023\/wp-json\/wp\/v2\/media?parent=2167"}],"wp:term":[{"taxonomy":"event_cat","embeddable":true,"href":"https:\/\/www.globalforumlac.org\/2023\/wp-json\/wp\/v2\/event_cat?post=2167"}],"curies":[{"name":"wp","href":"https:\/\/api.w.org\/{rel}","templated":true}]}}

<p>Richard Benjamins es Chief Responsible AI Officer en Telefónica y fundador de su área «AI for Society and Environment». Es uno de los principales impulsores del enfoque ético de inteligencia artificial de Telefónica. Antes de CRIAO fue el estratega jefe de IA y datos de la compañía. Se encuentra entre las 100 personas más influyentes en los negocios basados en datos (DataIQ 100, 2018).</p>
<p>Es cofundador y vicepresidente del Observatorio Español de Impactos Éticos y Sociales de la IA (OdiseIA), y consejero de la organización ambiental sin ánimo de lucro CDP-Europe.</p>
<p>Forma parte del consejo asesor del Centro de Cultura Digital del Vaticano y del panel de IA responsable del MIT-Sloan. Fue Group Chief Data Officer en AXA (Seguros), miembro del B2G data-sharing Expert Group de la CE, y durante 10 años ocupó cargos ejecutivos en Telefónica sobre Big Data y Analytics. Está en la lista de expertos externos del Observatorio de IA del PE (EPAIO) y miembro del grupo de trabajo ETNO sobre Inteligencia Artificial, y del grupo de trabajo GSMA sobre IA para el impacto.</p>
<p>También es activo en el campo de la IA y la lengua española, colaborando con la Real Academia Española.</p>
<p>Tiene un doctorado en Ciencias Cognitivas, ha publicado más de 150 artículos científicos, es miembro fundador del consejo editorial de la revista AI Ethics de Springer y es autor de los libros «El mito del algoritmo» (español) y «Una empresa basada en datos» (inglés, español, chino turco), y «El algoritmo y yo» (español). Es asesor estratégico de varias start-ups y empresas, y ponente frecuente en eventos de Inteligencia Artificial.</p>
<p>Antes de unirse a Telefónica, fue director y miembro del consejo de administración de iSOCO, que cofundó en 1999. Basado en su trabajo, iSOCO recibió el Premio Nacional de Ciencias de la Computación.</p>
<p>Benjamins ocupó cargos en la Universidad Politécnica de Madrid, la Universidad de Amsterdam, la Universidad de Sao Paulo, Brasil, la Universidad de París-Sur, Francia, y el Instituto Español de Investigación de Inteligencia Artificial en Barcelona.</p>

<p>Chief Responsible AI Officr y estratega de data, Telefónica</p>
