{"id":2210,"date":"2023-09-15T16:28:32","date_gmt":"2023-09-15T16:28:32","guid":{"rendered":"https:\/\/www.globalforumlac.org\/?post_type=event&#038;p=2210"},"modified":"2023-09-15T16:29:44","modified_gmt":"2023-09-15T16:29:44","slug":"jose-antonio-ocampo","status":"publish","type":"event","link":"https:\/\/www.globalforumlac.org\/2023\/event\/jose-antonio-ocampo\/","title":{"rendered":"Jose Antonio Ocampo"},"content":{"rendered":"<p>Profesor de la Escuela de Asuntos Internacionales y P\u00fablicos y Miembro del Comit\u00e9 de Pensamiento Global de la Universidad de Columbia. Ha sido Secretario General Adjunto de las Naciones Unidas para Asuntos Econ\u00f3micos y Sociales, Secretario Ejecutivo de la Comisi\u00f3n Econ\u00f3mica para Am\u00e9rica Latina y el Caribe y en su pa\u00eds, Colombia, Ministro de Hacienda en dos ocasiones, Ministro de Agricultura, Director de Departamento Nacional de Planeaci\u00f3n de Colombia, y Co-Director del Banco de la Rep\u00fablica. Es miembro y ha sido Presidente del Comit\u00e9 de Pol\u00edticas de Desarrollo de ECOSOC y de la Comisi\u00f3n Independiente para la Reforma de la Fiscalidad Corporativa Internacional (ICRICT). Ha publicado extensamente sobre temas de teor\u00eda y pol\u00edtica macroecon\u00f3mica, asuntos financieros internacionales, desarrollo econ\u00f3mico y social, comercio internacional e historia econ\u00f3mica de Colombia y Am\u00e9rica Latina.<\/p>","protected":false},"excerpt":{"rendered":"<p>Profesor de la Escuela de Asuntos Internacionales y P\u00fablicos, Universidad de Columbia<\/p>\n","protected":false},"author":1,"featured_media":2211,"menu_order":0,"template":"","meta":[],"event_cat":[],"_links":{"self":[{"href":"https:\/\/www.globalforumlac.org\/2023\/wp-json\/wp\/v2\/event\/2210"}],"collection":[{"href":"https:\/\/www.globalforumlac.org\/2023\/wp-json\/wp\/v2\/event"}],"about":[{"href":"https:\/\/www.globalforumlac.org\/2023\/wp-json\/wp\/v2\/types\/event"}],"author":[{"embeddable":true,"href":"https:\/\/www.globalforumlac.org\/2023\/wp-json\/wp\/v2\/users\/1"}],"wp:featuredmedia":[{"embeddable":true,"href":"https:\/\/www.globalforumlac.org\/2023\/wp-json\/wp\/v2\/media\/2211"}],"wp:attachment":[{"href":"https:\/\/www.globalforumlac.org\/2023\/wp-json\/wp\/v2\/media?parent=2210"}],"wp:term":[{"taxonomy":"event_cat","embeddable":true,"href":"https:\/\/www.globalforumlac.org\/2023\/wp-json\/wp\/v2\/event_cat?post=2210"}],"curies":[{"name":"wp","href":"https:\/\/api.w.org\/{rel}","templated":true}]}}

<p>Profesor de la Escuela de Asuntos Internacionales y Públicos y Miembro del Comité de Pensamiento Global de la Universidad de Columbia. Ha sido Secretario General Adjunto de las Naciones Unidas para Asuntos Económicos y Sociales, Secretario Ejecutivo de la Comisión Económica para América Latina y el Caribe y en su país, Colombia, Ministro de Hacienda en dos ocasiones, Ministro de Agricultura, Director de Departamento Nacional de Planeación de Colombia, y Co-Director del Banco de la República. Es miembro y ha sido Presidente del Comité de Políticas de Desarrollo de ECOSOC y de la Comisión Independiente para la Reforma de la Fiscalidad Corporativa Internacional (ICRICT). Ha publicado extensamente sobre temas de teoría y política macroeconómica, asuntos financieros internacionales, desarrollo económico y social, comercio internacional e historia económica de Colombia y América Latina.</p>

<p>Profesor de la Escuela de Asuntos Internacionales y Públicos, Universidad de Columbia</p>
