{"id":2232,"date":"2023-09-20T20:54:55","date_gmt":"2023-09-20T20:54:55","guid":{"rendered":"https:\/\/www.globalforumlac.org\/?post_type=event&#038;p=2232"},"modified":"2023-09-20T20:57:33","modified_gmt":"2023-09-20T20:57:33","slug":"mabel-berezin","status":"publish","type":"event","link":"https:\/\/www.globalforumlac.org\/2023\/event\/mabel-berezin\/","title":{"rendered":"Mabel Berezin"},"content":{"rendered":"<p>Profesora Distinguida de Artes y Ciencias en Sociolog\u00eda y Directora del Instituto de Estudios Europeos en el Centro Einaudi de Estudios Internacionales de la Universidad de Cornell.\u00a0 Escribe sobre los desaf\u00edos a la cohesi\u00f3n democr\u00e1tica y la solidaridad en Europa y los Estados Unidos.\u00a0 Berezin es autor de m\u00faltiples art\u00edculos sobre pol\u00edtica de derecha hist\u00f3rica y contempor\u00e1nea en Europa.\u00a0 Sus libros incluyen<em>: Illiberal Politics in Neoliberal Times: Culture, Security, and Populism in the New Europe<\/em> (Cambridge 2009) y <em>Making the Fascist Self: The Political Culture of Inter-war Italy<\/em> (Cornell 1997).\u00a0 Est\u00e1 trabajando en un manuscrito <em>The End of Security and the Rise of Populism<\/em> bajo contrato en Oxford University Press que examina el actual resurgimiento global del nacionalismo y el desaf\u00edo populista a la pr\u00e1ctica democr\u00e1tica.<\/p>","protected":false},"excerpt":{"rendered":"<p>Profesora distinguida de Ciencias y Artes en Sociologia,  directora del Instituto de Estudios Europeos de la Universidad de Cornell<\/p>\n","protected":false},"author":1,"featured_media":2234,"menu_order":0,"template":"","meta":[],"event_cat":[],"_links":{"self":[{"href":"https:\/\/www.globalforumlac.org\/2023\/wp-json\/wp\/v2\/event\/2232"}],"collection":[{"href":"https:\/\/www.globalforumlac.org\/2023\/wp-json\/wp\/v2\/event"}],"about":[{"href":"https:\/\/www.globalforumlac.org\/2023\/wp-json\/wp\/v2\/types\/event"}],"author":[{"embeddable":true,"href":"https:\/\/www.globalforumlac.org\/2023\/wp-json\/wp\/v2\/users\/1"}],"wp:featuredmedia":[{"embeddable":true,"href":"https:\/\/www.globalforumlac.org\/2023\/wp-json\/wp\/v2\/media\/2234"}],"wp:attachment":[{"href":"https:\/\/www.globalforumlac.org\/2023\/wp-json\/wp\/v2\/media?parent=2232"}],"wp:term":[{"taxonomy":"event_cat","embeddable":true,"href":"https:\/\/www.globalforumlac.org\/2023\/wp-json\/wp\/v2\/event_cat?post=2232"}],"curies":[{"name":"wp","href":"https:\/\/api.w.org\/{rel}","templated":true}]}}

<p>Profesora Distinguida de Artes y Ciencias en Sociología y Directora del Instituto de Estudios Europeos en el Centro Einaudi de Estudios Internacionales de la Universidad de Cornell.  Escribe sobre los desafíos a la cohesión democrática y la solidaridad en Europa y los Estados Unidos.  Berezin es autor de múltiples artículos sobre política de derecha histórica y contemporánea en Europa.  Sus libros incluyen<em>: Illiberal Politics in Neoliberal Times: Culture, Security, and Populism in the New Europe</em> (Cambridge 2009) y <em>Making the Fascist Self: The Political Culture of Inter-war Italy</em> (Cornell 1997).  Está trabajando en un manuscrito <em>The End of Security and the Rise of Populism</em> bajo contrato en Oxford University Press que examina el actual resurgimiento global del nacionalismo y el desafío populista a la práctica democrática.</p>
