{"id":2235,"date":"2023-09-20T20:59:03","date_gmt":"2023-09-20T20:59:03","guid":{"rendered":"https:\/\/www.globalforumlac.org\/?post_type=event&#038;p=2235"},"modified":"2023-09-20T20:59:28","modified_gmt":"2023-09-20T20:59:28","slug":"carlos-d-mesa","status":"publish","type":"event","link":"https:\/\/www.globalforumlac.org\/2023\/event\/carlos-d-mesa\/","title":{"rendered":"Carlos D. Mesa"},"content":{"rendered":"<p>Es historiador, pol\u00edtico y periodista y fue Presidente de Bolivia entre 2003 y 2005.<\/p>\n<p>Elegido en 2002 como vicepresidente y presidente del congreso nacional, se convirti\u00f3 en el presidente constitucional de Bolivia en 2003. Su gobierno enmend\u00f3 la Constituci\u00f3n, aprob\u00f3 referendos sobre hidrocarburos, la elecci\u00f3n directa de alcaldes y una asamblea constituyente. Su gobierno tambi\u00e9n super\u00f3 un alto d\u00e9ficit fiscal, revitaliz\u00f3 la econom\u00eda, duplic\u00f3 las exportaciones e instituy\u00f3 los derechos humanos como pol\u00edtica estatal. Fue candidato a las elecciones presidenciales de 2019 y 2020.<\/p>\n<p>Antes de eso, Mesa fue fundador y director\u00a0 de <em>Cinemateca Boliviana <\/em>en 1976 y desde 1979 ha sido periodista de prensa, radio y televisi\u00f3n. Se desempe\u00f1\u00f3 como subdirector del peri\u00f3dico <em>\u00daltima Hora\u00a0 y <\/em>director de tres canales de televisi\u00f3n: <em>Am\u00e9rica TV<\/em>, <em>Telesistema Boliviano <\/em>y <em>ATB<\/em>. Es Presidente de la <em>Fundaci\u00f3n Comunidad<\/em>, que trabaja para fortalecer las instituciones democr\u00e1ticas y los derechos humanos. Tambi\u00e9n es autor de diecis\u00e9is libros sobre temas que van desde la historia boliviana hasta el cine latinoamericano.\u00a0Es miembro de la Academia Boliviana de la Historia y de la Sociedad Boliviana de Historia.<\/p>\n<p>Estudi\u00f3 literatura en la Universidad Complutense de Madrid y en la Universidad Mayor de San Andr\u00e9s de La Paz.<\/p>","protected":false},"excerpt":{"rendered":"<p>Expresidente de la Rep\u00fablica de Bolivia<\/p>\n","protected":false},"author":1,"featured_media":2236,"menu_order":0,"template":"","meta":[],"event_cat":[],"_links":{"self":[{"href":"https:\/\/www.globalforumlac.org\/2023\/wp-json\/wp\/v2\/event\/2235"}],"collection":[{"href":"https:\/\/www.globalforumlac.org\/2023\/wp-json\/wp\/v2\/event"}],"about":[{"href":"https:\/\/www.globalforumlac.org\/2023\/wp-json\/wp\/v2\/types\/event"}],"author":[{"embeddable":true,"href":"https:\/\/www.globalforumlac.org\/2023\/wp-json\/wp\/v2\/users\/1"}],"wp:featuredmedia":[{"embeddable":true,"href":"https:\/\/www.globalforumlac.org\/2023\/wp-json\/wp\/v2\/media\/2236"}],"wp:attachment":[{"href":"https:\/\/www.globalforumlac.org\/2023\/wp-json\/wp\/v2\/media?parent=2235"}],"wp:term":[{"taxonomy":"event_cat","embeddable":true,"href":"https:\/\/www.globalforumlac.org\/2023\/wp-json\/wp\/v2\/event_cat?post=2235"}],"curies":[{"name":"wp","href":"https:\/\/api.w.org\/{rel}","templated":true}]}}

<p>Es historiador, político y periodista y fue Presidente de Bolivia entre 2003 y 2005.</p>
<p>Elegido en 2002 como vicepresidente y presidente del congreso nacional, se convirtió en el presidente constitucional de Bolivia en 2003. Su gobierno enmendó la Constitución, aprobó referendos sobre hidrocarburos, la elección directa de alcaldes y una asamblea constituyente. Su gobierno también superó un alto déficit fiscal, revitalizó la economía, duplicó las exportaciones e instituyó los derechos humanos como política estatal. Fue candidato a las elecciones presidenciales de 2019 y 2020.</p>
<p>Antes de eso, Mesa fue fundador y director  de <em>Cinemateca Boliviana </em>en 1976 y desde 1979 ha sido periodista de prensa, radio y televisión. Se desempeñó como subdirector del periódico <em>Última Hora  y </em>director de tres canales de televisión: <em>América TV</em>, <em>Telesistema Boliviano </em>y <em>ATB</em>. Es Presidente de la <em>Fundación Comunidad</em>, que trabaja para fortalecer las instituciones democráticas y los derechos humanos. También es autor de dieciséis libros sobre temas que van desde la historia boliviana hasta el cine latinoamericano. Es miembro de la Academia Boliviana de la Historia y de la Sociedad Boliviana de Historia.</p>
<p>Estudió literatura en la Universidad Complutense de Madrid y en la Universidad Mayor de San Andrés de La Paz.</p>

<p>Expresidente de la República de Bolivia</p>
