{"id":2237,"date":"2023-09-21T12:12:15","date_gmt":"2023-09-21T12:12:15","guid":{"rendered":"https:\/\/www.globalforumlac.org\/?post_type=event&#038;p=2237"},"modified":"2023-09-21T12:14:14","modified_gmt":"2023-09-21T12:14:14","slug":"gisselle-castillo-veremis","status":"publish","type":"event","link":"https:\/\/www.globalforumlac.org\/2023\/event\/gisselle-castillo-veremis\/","title":{"rendered":"Gisselle Castillo-Veremis"},"content":{"rendered":"<p>Es directora ejecutiva de la oficina de Chicago de la Global Foundation for Democracy and Development, GFDD. Se desempe\u00f1\u00f3 como C\u00f3nsul General de la Rep\u00fablica Dominicana en el Medio Oeste de los Estados Unidos desde 2007 hasta 2022. En 2004, se desempe\u00f1\u00f3 como directora de la Junta de Turismo de la Rep\u00fablica Dominicana en Chicago y C\u00f3nsul General Adjunto. Debido a su liderazgo activo y admiraci\u00f3n entre colegas, fue elegida por unanimidad como presidenta de la Asociaci\u00f3n Consular Iberoamericana de Chicago (A.C.I.C.) en tres ocasiones. Desde 2013 se desempe\u00f1\u00f3 como Vicedecana del Cuerpo Consular de Chicago, la segunda asociaci\u00f3n diplom\u00e1tica m\u00e1s grande de los Estados Unidos compuesta por 88 naciones miembros.<\/p>\n<p>La formaci\u00f3n acad\u00e9mica del Dr. Castillo-Veremis incluye un doctorado en odontolog\u00eda de la Universidad Iberoamericana de Santo Domingo (UNIBE); un certificado en Relaciones Exteriores de la Global Foundation for Democracy and Development; un certificado en Historia e Integraci\u00f3n Global de Am\u00e9rica Latina y el Caribe de la Facultad de Ciencias Pol\u00edticas de la Universidad Aut\u00f3noma de Santo Domingo (UASD); y un certificado recientemente otorgado en Promoci\u00f3n de la Inversi\u00f3n Extranjera, Relaciones Comerciales y Cooperaci\u00f3n Internacional en la Escuela de Asuntos Diplom\u00e1ticos de la Rep\u00fablica Dominicana. Adem\u00e1s, tiene una Maestr\u00eda en Pol\u00edticas P\u00fablicas en la Universidad de Chicago, Harris School of Public Policy.<\/p>\n<p>El Dr. Castillo-Veremis actualmente se desempe\u00f1a como miembro de la Junta Asesora de la Comisi\u00f3n de Deportes de Chicago; es miembro de la Junta Directiva de Navy Pier; y forma parte del Subcomit\u00e9 Internacional del Club Econ\u00f3mico de Chicago.<\/p>","protected":false},"excerpt":{"rendered":"<p>Directora ejecutiva Global Foundation for Democracy and Development, GFDD Chicago<\/p>\n","protected":false},"author":1,"featured_media":2238,"menu_order":0,"template":"","meta":[],"event_cat":[],"_links":{"self":[{"href":"https:\/\/www.globalforumlac.org\/2023\/wp-json\/wp\/v2\/event\/2237"}],"collection":[{"href":"https:\/\/www.globalforumlac.org\/2023\/wp-json\/wp\/v2\/event"}],"about":[{"href":"https:\/\/www.globalforumlac.org\/2023\/wp-json\/wp\/v2\/types\/event"}],"author":[{"embeddable":true,"href":"https:\/\/www.globalforumlac.org\/2023\/wp-json\/wp\/v2\/users\/1"}],"wp:featuredmedia":[{"embeddable":true,"href":"https:\/\/www.globalforumlac.org\/2023\/wp-json\/wp\/v2\/media\/2238"}],"wp:attachment":[{"href":"https:\/\/www.globalforumlac.org\/2023\/wp-json\/wp\/v2\/media?parent=2237"}],"wp:term":[{"taxonomy":"event_cat","embeddable":true,"href":"https:\/\/www.globalforumlac.org\/2023\/wp-json\/wp\/v2\/event_cat?post=2237"}],"curies":[{"name":"wp","href":"https:\/\/api.w.org\/{rel}","templated":true}]}}

<p>Es directora ejecutiva de la oficina de Chicago de la Global Foundation for Democracy and Development, GFDD. Se desempeñó como Cónsul General de la República Dominicana en el Medio Oeste de los Estados Unidos desde 2007 hasta 2022. En 2004, se desempeñó como directora de la Junta de Turismo de la República Dominicana en Chicago y Cónsul General Adjunto. Debido a su liderazgo activo y admiración entre colegas, fue elegida por unanimidad como presidenta de la Asociación Consular Iberoamericana de Chicago (A.C.I.C.) en tres ocasiones. Desde 2013 se desempeñó como Vicedecana del Cuerpo Consular de Chicago, la segunda asociación diplomática más grande de los Estados Unidos compuesta por 88 naciones miembros.</p>
<p>La formación académica del Dr. Castillo-Veremis incluye un doctorado en odontología de la Universidad Iberoamericana de Santo Domingo (UNIBE); un certificado en Relaciones Exteriores de la Global Foundation for Democracy and Development; un certificado en Historia e Integración Global de América Latina y el Caribe de la Facultad de Ciencias Políticas de la Universidad Autónoma de Santo Domingo (UASD); y un certificado recientemente otorgado en Promoción de la Inversión Extranjera, Relaciones Comerciales y Cooperación Internacional en la Escuela de Asuntos Diplomáticos de la República Dominicana. Además, tiene una Maestría en Políticas Públicas en la Universidad de Chicago, Harris School of Public Policy.</p>
<p>El Dr. Castillo-Veremis actualmente se desempeña como miembro de la Junta Asesora de la Comisión de Deportes de Chicago; es miembro de la Junta Directiva de Navy Pier; y forma parte del Subcomité Internacional del Club Económico de Chicago.</p>
